ative of -k**3/3 - 19*k**2/2 + 2*k + 1. Let o be p(-17). What is the highest common factor of n and o?
12
Let q = -42 + 59. Let r = q + -15. Suppose -5*g = -5, -r*c + 170 = -g + 3*g. What is the highest common divisor of 21 and c?
21
Let m be (42 - 0)*(1 - 0). Let f = -42 + 47. Suppose -f*a + 231 = -84. Calculate the greatest common divisor of m and a.
21
Let r(u) = 2*u**2 + 15*u + 43. Let k be r(-5). What is the highest common divisor of 9 and k?
9
Suppose -22*l = -6*l - 160. Calculate the greatest common divisor of l and 530.
10
Let h = -18 + 29. Let a(i) = 32*i**2 - 5*i - 4. Let q be a(-1). Calculate the highest common factor of h and q.
11
Let z = -374 + 396. Calculate the highest common factor of 11 and z.
11
Suppose -303 = -m - 296. Let v = -27 + 90. Calculate the highest common divisor of m and v.
7
Suppose 3*g + 3*l - 261 - 15 = 0, 4*g + l - 356 = 0. Calculate the highest common factor of g and 1320.
88
Let f = 31 + -22. Suppose -3*v = -7*i + 4*i + f, 0 = 4*i + v - 2. What is the greatest common factor of i and 8?
1
Let l be 1 + -8 - (95 - 150). What is the greatest common factor of 2616 and l?
24
Let w(o) = o**3 + 19*o**2 - 21*o - 14. Let x be w(-20). Suppose 0 = 7*m + 96 + 30. Let y be 380/9 - (-4)/m. What is the greatest common divisor of y and x?
6
Let n(a) = -23*a - 160. Let g be n(-8). Calculate the greatest common factor of g and 30.
6
Let l(w) = w**2 + 3*w + 1. Let u be l(-3). Let z(i) = 4*i**3 + 2*i - 1. Let g be z(u). Suppose -2 - 3 = -j. Calculate the highest common factor of j and g.
5
Let v = -1679 + 1788. Calculate the greatest common factor of 981 and v.
109
Let c(u) = 9*u + 1. Let k be c(6). Let n be (4/(-5))/((-12)/10 + 1). Suppose -n*t - 55 = -15*t. Calculate the highest common divisor of t and k.
5
Suppose 162 + 12 = 58*c. Calculate the highest common factor of 6 and c.
3
Suppose 97*h - 5418 = -180. What is the highest common factor of h and 351?
27
Let h(f) = -2*f**2 + 3*f + 6. Let l be h(7). Let k = l - -81. Calculate the greatest common divisor of k and 4.
2
Suppose 2*j - 7*j = -4*t + 1508, 4*t = -5*j + 1468. Suppose 5*b - t = -3*i, -i + 4*b = -3*i + 250. Calculate the greatest common divisor of i and 17.
17
Suppose 0 = 581*n - 583*n + 40. Calculate the highest common divisor of n and 170.
10
Let x(n) = n**3 - 12*n**2 + 17*n - 22. Let b be x(11). Let v(y) = 2*y**2 + 5*y - 11. Let o be v(3). What is the highest common divisor of b and o?
22
Let b(m) = m**3 + 31*m**2 - 70*m - 83. Let x be b(-33). Calculate the greatest common divisor of x and 329.
7
Let p(f) = -13*f. Let g(s) = -1. Let n(i) = -4*g(i) - p(i). Let j be n(4). Suppose -z + 14 = z. Calculate the greatest common factor of j and z.
7
Let q(a) = -a**3 - 26*a**2 + 100*a - 33. Let r be q(-30). What is the greatest common divisor of 42 and r?
21
Let s = 458 + -216. Suppose 0 = -2*n - r + s, n - 4*r - 111 = -2*r. Calculate the greatest common factor of 17 and n.
17
Let z be (-78)/(-65)*10/3. Suppose -z*h = h. Suppose h = -5*c - 3*u + 63, -c + 1 = 2*u - 6. Calculate the highest common divisor of c and 135.
15
Let a = -16 - -17. Let v be 14 - -178 - (-1 + a). Suppose i - 3 = 0, 5*o = 2*i + i + 111. Calculate the greatest common factor of o and v.
24
Let d = -5 - -1. Let x = 26 + d. Let v = 124 + -58. Calculate the highest common divisor of v and x.
22
Suppose i = -4*q - 0*i + 2649, 5*q - 3318 = i. Suppose q = 4*u - 1009. What is the highest common factor of u and 38?
38
Suppose -25*u + 19999 = -3751. Calculate the highest common divisor of u and 76.
38
Suppose -6*r - 3 = -15. Let k be 6 - (r - -1 - 4). Calculate the highest common divisor of 56 and k.
7
Suppose 9*s - 4*s = f + 203, 0 = 5*s + 2*f - 194. Suppose 0 = c - 1, 2*k - 5*k - 4*c = -s. Calculate the greatest common divisor of 12 and k.
12
Let g(n) = 4*n + 142. Let t be g(-31). Calculate the greatest common divisor of 186 and t.
6
Let b(v) = -4*v**3 - 20*v**2 - 8*v. Let i be b(-8). Calculate the greatest common divisor of i and 26.
26
Suppose 140 = 16*t - 6*t. Suppose 0*y - y + 5*l - 45 = 0, -3*y - 55 = l. Let f = y - -55. Calculate the highest common divisor of f and t.
7
Let w be (28/35)/(4/10). Suppose 3*z - 6 = w*z + 3*y, -12 = 4*y. Let d be (900/(-3))/z + 0. Calculate the highest common divisor of 40 and d.
20
Let h(d) = 14*d - 144. Let n be h(18). Calculate the greatest common factor of n and 36.
36
Suppose 177 - 129 = 2*a. Calculate the highest common factor of a and 232.
8
Let c(v) = 116*v + 117*v - 237*v + 7*v**2 - 7 + v**2. Let h be c(4). What is the greatest common factor of 15 and h?
15
Let u(q) = -24*q - 16. Let h be u(-7). Let w be 3 - 1 - 0/2. Suppose -95 = -3*f - w*f. What is the highest common divisor of f and h?
19
Let q be 10*(-5 - (4 - 196/20)). What is the highest common factor of q and 1216?
8
Let m(a) = -3*a**2 - 7*a - 7. Let l(d) = d + 1. Let b = -20 + 19. Let s(g) = b*m(g) - 5*l(g). Let v be s(-6). Calculate the greatest common divisor of 14 and v.
14
Suppose -3*n - 4*c = -0*n - 5981, 2*c = 3*n - 5969. Suppose 0 = 10*x - 159 - n. What is the highest common divisor of x and 86?
43
Let l = 19 + -14. Let r = l - 3. Suppose 11 = -z + r*z. Calculate the highest common factor of z and 44.
11
Suppose -p - 3*b + 8*b + 176 = 0, 3*p - 568 = 5*b. Suppose 0 = -4*l + i + 3*i + p, 0 = -l + 5*i + 53. Calculate the highest common factor of 12 and l.
12
Let t(z) = -z**3 + 36*z**2 - 31*z - 82. Let o be t(35). Calculate the highest common factor of o and 4.
2
Let t = -207 + 225. Calculate the greatest common factor of t and 27.
9
Suppose 3*y - 42 = -0*y. Let v be (-380)/(-15)*(-18)/(-4). Suppose -s + 519 = 4*j + 131, -v = -j + 4*s. Calculate the highest common divisor of j and y.
14
Let p = 874 - 578. What is the greatest common factor of 8 and p?
8
Suppose 0*v - 5*v + 55 = 0. Let q(s) = s**3 - 7*s**2 + 7*s - 5. Let w be q(9). Suppose 0 = 3*y + 2*y - w. What is the highest common factor of v and y?
11
Suppose 6*v + 4*v - 2300 = 0. Suppose h = 5*o - 242, 2*h = -5*o - 3*h + v. Calculate the highest common factor of 16 and o.
16
Let k(m) = -m + 1. Let q be k(-3). Suppose -t + 1 = d - q, -2*t - d + 13 = 0. Calculate the highest common divisor of 56 and t.
8
Suppose -4*f = -5*p - 71, -p - 10 = -3*p. Let c = 133 - 131. Calculate the greatest common divisor of f and c.
2
Let r(l) = 4*l**2 + 35*l - 9. Let m(n) = n**2 + 9*n - 2. Let z(v) = -9*m(v) + 2*r(v). Let f be z(-5). What is the highest common divisor of 270 and f?
30
Let d(k) = -3*k**3 - 7*k**2 + 13*k + 23. Let m be d(-4). Calculate the highest common factor of 408 and m.
51
Suppose 0 = 4*v + 4*q - 3*q + 375, -2*v - 198 = 4*q. Let r = v + 109. Calculate the greatest common factor of 128 and r.
16
Let u = -3 + 6. Let f be (0 + 4 + -3)*5. Suppose f*i - 15 = -0*i. Calculate the greatest common divisor of i and u.
3
Suppose 2*l + 4*i + 0 - 28 = 0, -3*l - 13 = -5*i. What is the highest common divisor of l and 38?
2
Let k be 26/2 + (13 - 12). Suppose -b + 0*b + 20 = -4*w, -5*w - 4 = 4*b. Suppose a = -b*a + 105. What is the highest common divisor of k and a?
7
Let b = -89 - -105. What is the highest common divisor of b and 2?
2
Suppose 6*m - 8 = 40. What is the highest common divisor of m and 56?
8
Suppose 3*t - 20 = 136. Let u = 103 - t. Calculate the highest common divisor of 34 and u.
17
Suppose 3*k = 4*f - 180, -k + 26 = f + 3*k. Let m = -56 - -14. Let y be (-80)/(-6) - 28/m. What is the greatest common divisor of y and f?
14
Let m = 28 - 23. Suppose -n + m*n = -144. Let s = -28 - n. Calculate the highest common divisor of s and 72.
8
Suppose 0 = r - 3*m - 142, -2*r - 2*m + 265 = -35. Calculate the highest common divisor of r and 37.
37
Let m = 518 + -257. What is the highest common divisor of 29 and m?
29
Suppose 57*q = 61*q + w - 89, 0 = -4*q - 5*w + 109. Let h be -6*1*2/(-4). Calculate the highest common factor of h and q.
3
Let c = -1 + 1. Suppose c = -3*r - 0*r - 96. Let u = -2 - r. What is the highest common divisor of 15 and u?
15
Suppose 0 = -41*a + 124744 - 32740. Calculate the greatest common factor of 11 and a.
11
Let i be (-6)/(-4)*(-26)/(-39). Let j(b) = b**3 + 12*b**2 - 13*b + 3. Let r be j(-13). What is the greatest common factor of i and r?
1
Let u = -156 + 157. Let m be ((-6)/9)/(u/(-3)). What is the greatest common divisor of m and 3